o base 14
3b3
6f (base 16) to base 15
76
Convert -2629 (base 10) to base 5.
-41004
Convert 2820 (base 16) to base 13.
48a2
-169 (base 15) to base 9
-400
What is -184 (base 13) in base 9?
-337
Convert 71 (base 13) to base 16.
5c
What is 829 (base 13) in base 9?
1811
2d8 (base 16) to base 14
3a0
What is 169c (base 13) in base 8?
6414
Convert -7029 (base 14) to base 15.
-5a80
Convert 182b (base 13) to base 12.
20aa
282a3 (base 11) to base 6
510301
What is -10110001111 (base 2) in base 14?
-739
1e78 (base 15) to base 7
25232
-15b7 (base 15) to base 13
-2185
Convert 10110031 (base 4) to base 5.
1031202
Convert 12582 (base 9) to base 10.
8498
What is 18115 (base 12) in base 16?
87a1
What is 50621 (base 7) in base 15?
39ae
d86 (base 15) to base 9
4160
What is -225 (base 12) in base 13?
-1b5
What is -2c7 (base 13) in base 15?
-236
Convert 10110010011 (base 2) to base 5.
21202
What is -1ea (base 15) in base 3?
-121111
What is -96b (base 15) in base 2?
-100001001110
-2980 (base 11) to base 13
-1994
What is -26890 (base 10) in base 5?
-1330030
What is -1102022010 (base 3) in base 9?
-42263
Convert -221200 (base 3) to base 13.
-414
26107 (base 10) to base 4
12113323
Convert -1301 (base 7) to base 13.
-2ba
-101404 (base 5) to base 10
-3354
Convert -101100011101110 (base 2) to base 5.
-1212031
What is ad7 (base 16) in base 10?
2775
-19971 (base 11) to base 10
-27787
Convert -220010210 (base 3) to base 8.
-42276
What is 3112 (base 6) in base 13?
413
What is -8343 (base 11) in base 13?
-5058
-254 (base 11) to base 15
-151
What is -2444 (base 8) in base 16?
-524
Convert 480c (base 15) to base 6.
154520
Convert 10101000 (base 2) to base 5.
1133
Convert 10785 (base 9) to base 8.
16045
What is 20000012 (base 3) in base 12?
264b
What is -3a9 (base 13) in base 11?
-538
Convert -52eb (base 16) to base 2.
-101001011101011
-3c6 (base 16) to base 9
-1283
Convert 676 (base 10) to base 14.
364
Convert 43246 (base 7) to base 6.
121501
Convert -26a3 (base 11) to base 16.
-dad
What is 2100122102 (base 3) in base 15?
db32
-1220121 (base 3) to base 15
-62d
What is -1504 (base 6) in base 16?
-190
What is -10100011111000 (base 2) in base 9?
-15343
101120012 (base 3) to base 14
2b40
Convert 304 (base 11) to base 2.
101101111
What is -3315 (base 13) in base 14?
-2844
-145105 (base 6) to base 4
-3130001
What is -23204 (base 5) in base 6?
-11435
Convert b5a6 (base 12) to base 3.
1000020100
What is 20130022 (base 4) in base 12?
1800a
What is -1683 (base 9) in base 6?
-5550
What is 717 (base 8) in base 6?
2051
142022 (base 5) to base 13
28ab
Convert 5d34 (base 16) to base 12.
11984
12aa (base 14) to base 11
2518
-110001100101100 (base 2) to base 16
-632c
Convert -23635 (base 10) to base 2.
-101110001010011
Convert -10010001001010110 (base 2) to base 14.
-1d130
Convert -3525 (base 7) to base 15.
-5b3
1101101100000 (base 2) to base 9
10546
What is 37613 (base 9) in base 11?
17aa6
-1505 (base 6) to base 13
-24b
What is -911 (base 10) in base 13?
-551
Convert -35413 (base 6) to base 12.
-2b69
Convert 890 (base 14) to base 8.
3236
Convert 64333 (base 8) to base 15.
7e48
What is 131031 (base 4) in base 16?
74d
-30a (base 13) to base 4
-20011
What is 22a1 (base 12) in base 15?
122a
-35301 (base 7) to base 3
-110102210
-2211 (base 7) to base 9
-1070
-665 (base 11) to base 13
-494
What is -2225 (base 6) in base 4?
-20021
Convert -70368 (base 9) to base 8.
-132230
Convert -1310121 (base 4) to base 9.
-11186
What is 1601 (base 10) in base 2?
11001000001
Convert -535 (base 10) to base 7.
-1363
Convert 1010101000111 (base 2) to base 3.
21110202
Convert 9626 (base 10) to base 6.
112322
Convert 4463 (base 10) to base 2.
1000101101111
-2141 (base 11) to base 9
-3782
Convert 210124 (base 5) to base 13.
31bb
What is 111130 (base 4) in base 7?
4000
What is -445 (base 7) in base 15?
-104
1010011111 (base 2) to base 11
560
What is -758 (base 16) in base 3?
-2120122
Convert -10011100 (base 2) to base 12.
-110
What is 1022 (base 3) in base 15?
25
Convert 24c1 (base 13) to base 5.
131402
-106413 (base 8) to base 10
-36107
-1140 (base 6) to base 15
-136
What is 260b (base 15) in base 13?
38cc
Convert -40425 (base 10) to base 16.
-9de9
What is 5c45 (base 14) in base 11?
11137
What is -3137 (base 9) in base 2?
-100011111110
1250 (base 12) to base 8
4034
-100100010101100 (base 2) to base 3
-221112001
3a9 (base 13) to base 3
212221
What is 105c (base 15) in base 14?
1394
What is 14b4 (base 16) in base 2?
1010010110100
What is 11023 (base 9) in base 8?
16217
Convert -162666 (base 7) to base 11.
-22250
What is 8600 (base 11) in base 7?
45106
Convert -bd (base 15) to base 5.
-1203
1114 (base 6) to base 15
127
What is 1213 (base 4) in base 14?
75
Convert 18d (base 14) to base 11.
272
Convert 25006 (base 8) to base 12.
6286
Convert 1a168 (base 11) to base 8.
66762
What is -111111100001 (base 2) in base 7?
-14565
201122 (base 4) to base 5
32023
What is -2663 (base 7) in base 16?
-401
What is 12020222 (base 3) in base 14?
157b
What is -671 (base 9) in base 7?
-1414
Convert 10220 (base 5) to base 8.
1255
-258 (base 10) to base 11
-215
What is 4230 (base 10) in base 15?
13c0
-20468 (base 10) to base 11
-14418
212110 (base 3) to base 9
773
What is -1333 (base 7) in base 8?
-1002
Convert 26870 (base 11) to base 15.
b543
Convert -66544 (base 9) to base 13.
-1715b
What is 884b (base 16) in base 2?
1000100001001011
What is -15a (base 16) in base 5?
-2341
Convert -62362 (base 10) to base 15.
-13727
Convert 2201212012 (base 3) to base 11.
374a9
Convert -143222 (base 7) to base 3.
-1101210112
-d2 (base 14) to base 2
-10111000
Convert -194 (base 15) to base 10.
-364
What is -2d1d (base 16) in base 2?
-10110100011101
What is 3a1 (base 13) in base 15?
2c8
Convert -111011001 (base 2) to base 12.
-335
2a9 (base 14) to base 5
4131
What is 40532 (base 6) in base 2?
1010100001000
-1100311 (base 4) to base 9
-7077
Convert 62a (base 14) to base 13.
725
Convert -23101 (base 6) to base 9.
-4441
872a (base 12) to base 13
69c7
-824 (base 10) to base 14
-42c
4420 (base 12) to base 13
355b
-2732 (base 14) to base 4
-1223320
361 (base 10) to base 6
1401
What is 1152141 (base 6) in base 2?
1110111111011101
-31468 (base 10) to base 16
-7aec
Convert -968 (base 10) to base 14.
-4d2
Convert 1434313 (base 5) to base 9.
45851
-112 (base 16) to base 13
-181
Convert 441203 (base 6) to base 5.
2132304
What is b5 (base 16) in base 5?
1211
1299 (base 14) to base 7
12352
Convert 3526 (base 8) to base 5.
30003
32044 (base 5) to base 16
865
-6305 (base 7) to base 9
-3025
Convert -1233240 (base 5) to base 8.
-57203
Convert -27620 (base 11) to base 6.
-502055
Convert -1469b (base 12) to base 13.
-10055
Convert 9811 (base 10) to base 8.
23123
Convert 100001010 (base 2) to base 4.
10022
Convert 20145 (base 6) to base 7.
10514
What is 4 (base 11) in base 2?
100
What is 23241 (base 9) in base 5?
444013
400 (base 9) to base 15
169
What is 4477 (base 12) in base 6?
55031
What is -131322 (base 4) in base 14?
-9aa
Convert -2779 (base 10) to base 4.
-223123
cb (base 13) to base 6
435
Convert 141 (base 12) to base 3.
21011
What is -4a5 (base 13) in base 4?
-30223
What is -a73 (base 13) in base 6?
-12132
166 (base 8) to base 4
1312
What is -b7c (base 13) in base 2?
-11110101010
What is -21032 (base 4) in base 10?
-590
1280 (base 16) to base 6
33532
What is 106215 (base 8) in base 16?
8c8d
10200 (base 3) to base 9
120
-212220 (base 3) to base 4
-22011
-1041 (base 9) to base 3
-1001101
Convert 423 (base 7) to base 2.
11010101
What is 1213133 (base 4) in base 16?
19df
What is -213320 (base 4) in base 13?
-1214
-21245 (base 6) to base 9
-3882
Convert 192 (base 16) to base 3.
112220
What is -1084 (base 9) in base 2?
-1100100101
Convert -220112200 (base 3) to base 13.
-81b4
What is 257 (base 13) in base 5?
3120
Convert -1241 (base 5) to base 14.
-100
What is -750 (base 16) in base 15?
-84c
What is -101021112 (base 3) in base 2?
-1110101000101
Convert 20367 (base 10) to base 11.
14336
-11321123 (base 4) to base 11
-1716a
Convert -27d0 (base 15) to base 14.
-3168
47 (base 10) to base 6
115
3b87 (base 15) to base 8
30667
-2538 (base 11) to base 3
-11112112
What is 732 (base 13) in base 5?
14344
-101002 (base 3) to base 15
-132
Convert -20b5 (base 13) to base 4.
-1012332
What i